 0 (base 3) to base 7.
0
Convert -1 (base 10) to base 9.
-1
What is -166 (base 7) in base 9?
-117
Convert 198 (base 12) to base 15.
125
What is -1 (base 3) in base 5?
-1
162 (base 11) to base 6
513
What is -1 (base 5) in base 6?
-1
-17 (base 10) to base 7
-23
What is -5 (base 9) in base 7?
-5
What is 13 (base 5) in base 14?
8
Convert 1011 (base 2) to base 9.
12
What is 0 (base 3) in base 2?
0
-1 (base 4) to base 8
-1
Convert 28 (base 11) to base 6.
50
What is -4 (base 13) in base 8?
-4
34 (base 8) to base 15
1d
Convert -320 (base 4) to base 3.
-2002
What is 542 (base 7) in base 2?
100010011
What is 41 (base 5) in base 6?
33
0 (base 10) to base 15
0
7 (base 11) to base 13
7
Convert 224 (base 8) to base 14.
a8
Convert 3 (base 11) to base 15.
3
What is -2f (base 16) in base 3?
-1202
What is -211 (base 7) in base 6?
-254
-15 (base 12) to base 2
-10001
1 (base 11) to base 16
1
0 (base 14) to base 9
0
Convert 28 (base 15) to base 7.
53
What is 2 (base 10) in base 15?
2
What is 10 (base 3) in base 2?
11
What is -2b (base 12) in base 16?
-23
Convert -3 (base 12) to base 14.
-3
What is 4b (base 15) in base 5?
241
What is 2 (base 16) in base 7?
2
-15 (base 11) to base 13
-13
What is 23 (base 4) in base 13?
b
1101 (base 2) to base 5
23
Convert -113 (base 4) to base 3.
-212
Convert 4 (base 8) to base 2.
100
-10 (base 14) to base 9
-15
-11222 (base 3) to base 12
-b2
What is -32 (base 9) in base 3?
-1002
What is 5 (base 14) in base 4?
11
Convert -2 (base 3) to base 8.
-2
Convert -10111 (base 2) to base 5.
-43
Convert -2 (base 3) to base 7.
-2
Convert 101 (base 4) to base 5.
32
-2 (base 15) to base 5
-2
Convert 11 (base 6) to base 9.
7
Convert 4 (base 10) to base 13.
4
2 (base 10) to base 9
2
What is -111 (base 3) in base 6?
-21
What is -1 (base 13) in base 7?
-1
What is -150 (base 7) in base 6?
-220
8 (base 10) to base 12
8
What is 8 (base 9) in base 13?
8
What is -121 (base 6) in base 16?
-31
-1 (base 6) to base 4
-1
2 (base 6) to base 11
2
-23 (base 7) to base 3
-122
313 (base 5) to base 3
10002
42 (base 8) to base 7
46
-11112 (base 3) to base 7
-233
Convert -30 (base 7) to base 2.
-10101
22 (base 9) to base 2
10100
-8a (base 16) to base 6
-350
-93 (base 10) to base 8
-135
14 (base 5) to base 3
100
What is -29 (base 10) in base 12?
-25
Convert 1 (base 10) to base 8.
1
Convert -1000000 (base 2) to base 6.
-144
What is 8 (base 15) in base 4?
20
-4 (base 5) to base 10
-4
What is -21 (base 7) in base 2?
-1111
Convert -110 (base 2) to base 12.
-6
Convert 32 (base 5) to base 3.
122
What is -10 (base 14) in base 8?
-16
-3 (base 6) to base 2
-11
Convert 46 (base 11) to base 10.
50
What is 3 (base 13) in base 4?
3
Convert -4 (base 9) to base 10.
-4
110 (base 9) to base 13
6c
What is -2012 (base 3) in base 8?
-73
-1 (base 7) to base 10
-1
What is 49 (base 11) in base 5?
203
-10 (base 2) to base 16
-2
-1 (base 9) to base 4
-1
Convert -35 (base 13) to base 9.
-48
What is -d (base 15) in base 2?
-1101
-31 (base 16) to base 9
-54
Convert 100 (base 2) to base 8.
4
What is 10 (base 8) in base 16?
8
What is -15 (base 7) in base 16?
-c
Convert 32 (base 9) to base 3.
1002
Convert -c (base 13) to base 9.
-13
-4 (base 13) to base 12
-4
Convert 3a (base 12) to base 3.
1201
170 (base 10) to base 2
10101010
What is -3 (base 16) in base 7?
-3
-2 (base 5) to base 3
-2
What is 38 (base 11) in base 7?
56
What is 1 (base 12) in base 10?
1
What is -1 (base 5) in base 15?
-1
Convert 32 (base 4) to base 11.
13
-1 (base 5) to base 6
-1
-1 (base 3) to base 14
-1
49 (base 10) to base 13
3a
What is 94 (base 13) in base 16?
79
Convert 10 (base 5) to base 16.
5
-35 (base 10) to base 12
-2b
Convert 13 (base 11) to base 6.
22
Convert -154 (base 7) to base 4.
-1120
What is -34 (base 7) in base 3?
-221
5 (base 12) to base 13
5
What is 192 (base 10) in base 16?
c0
-10001 (base 2) to base 4
-101
-2a (base 11) to base 7
-44
What is -3 (base 13) in base 5?
-3
What is -ab (base 15) in base 14?
-b7
Convert -110 (base 3) to base 9.
-13
-1010 (base 2) to base 6
-14
Convert 14 (base 7) to base 4.
23
-54 (base 8) to base 16
-2c
a9 (base 12) to base 10
129
Convert -11110 (base 2) to base 12.
-26
Convert -14a (base 12) to base 14.
-106
Convert -11000 (base 4) to base 5.
-2240
39 (base 15) to base 3
2000
Convert -174 (base 9) to base 12.
-104
Convert 310 (base 5) to base 14.
5a
Convert 12 (base 10) to base 15.
c
-101 (base 2) to base 16
-5
Convert -4 (base 13) to base 11.
-4
-120 (base 4) to base 16
-18
What is -46 (base 12) in base 15?
-39
What is -1011 (base 2) in base 6?
-15
232 (base 5) to base 12
57
-20 (base 3) to base 16
-6
1a2 (base 11) to base 8
351
Convert -7b (base 16) to base 2.
-1111011
What is -19 (base 13) in base 15?
-17
What is -51 (base 12) in base 14?
-45
-14 (base 13) to base 6
-25
Convert 4 (base 16) to base 7.
4
0 (base 11) to base 3
0
What is 17 (base 15) in base 7?
31
What is 210 (base 4) in base 7?
51
Convert -53 (base 6) to base 5.
-113
What is 3 (base 6) in base 5?
3
What is 2 (base 4) in base 7?
2
What is -4 (base 12) in base 13?
-4
13 (base 11) to base 5
24
10 (base 6) to base 10
6
14 (base 8) to base 4
30
-13 (base 11) to base 14
-10
9 (base 11) to base 5
14
Convert -10001010 (base 2) to base 16.
-8a
0 (base 5) to base 15
0
What is -131 (base 5) in base 4?
-221
Convert 3 (base 4) to base 12.
3
Convert c (base 15) to base 3.
110
Convert 434 (base 6) to base 3.
20011
Convert 11 (base 7) to base 9.
8
10 (base 12) to base 14
c
-7 (base 16) to base 12
-7
Convert 1 (base 7) to base 11.
1
Convert -102 (base 4) to base 14.
-14
Convert -112 (base 3) to base 12.
-12
What is 1102 (base 4) in base 6?
214
What is -3 (base 4) in base 16?
-3
c (base 16) to base 11
11
What is -d (base 16) in base 7?
-16
What is 3 (base 9) in base 11?
3
6a (base 15) to base 16
64
-2121 (base 3) to base 2
-1000110
What is 6 (base 10) in base 16?
6
-2 (base 16) to base 11
-2
What is -78 (base 10) in base 9?
-86
Convert -2 (base 8) to base 10.
-2
What is -30 (base 9) in base 5?
-102
What is 18 (base 15) in base 3?
212
-12 (base 6) to base 9
-8
-153 (base 8) to base 7
-212
Convert 22 (base 11) to base 16.
18
4 (base 14) to base 10
4
5 (base 10) to base 12
5
Convert 7 (base 11) to base 10.
7
Convert 164 (base 7) to base 8.
137
-1200 (base 3) to base 15
-30
Convert 41 (base 9) to base 13.
2b
Convert -b (base 13) to base 10.
-11
Convert 9 (base 15) to base 14.
9
Convert -13 (base 14) to base 3.
-122
-2 (base 11) to base 14
-2
What is 2 (base 4) in base 10?
2
-3 (base 15) to base 13
-3
Convert 0 (base 11) to base 6.
0
Convert -1120 (base 3) to base 15.
-2c
What is 1001 (base 2) in base 10?
9
Convert 68 (base 12) to base 7.
143
Convert -1 (base 6) to base 11.
-1
What is -1 (base 5) in base 3?
-1
Convert -3 (base 9) to base 11.
-3
-3 (base 9) to base 5
-3
What is -1102 (base 3) in base 13?
-2c
Convert -2 (base 8) to base 13.
-2
What is 8a (base 14) in base 13?
95
-12 (base 8) to base 2
-1010
Convert 69 (base 10) to base 5.
234
-1100 (base 2) to base 11
-11
What is c7 (base 14) in base 6?
451
Convert 8 (base 11) to base 2.
1000
What is 5 (base 8) in base 11?
5
-2 (base 6) to base 12
-2
Convert -10 (base 9) to base 7.
-12
Convert 2 (base 14) to base 15.
2
3 (base 14) to base 11
3
What is -2 (base 12) in base 7?
-2
1001000 (base 2) to base 9
80
What is -58 (base 10) in base 4?
-322
Convert -434 (base 7) to base 14.
-11b
410 (base 6) to base 11
127
3 (base 12) to base 14
3
a (base 15) to base 16
a
Convert 110 (base 3) to base 8.
14
Convert a (base 13) to base 14.
a
Convert 46 (base 14) to base 2.
111110
-1113 (base 4) to base 16
-57
Convert -4 (base 16) to base 12.
-4
1 (base 7) to base 6
1
65 (base 16) to base 7
203
What is 31 (base 5) in base 8?
20
What is -12 (base 16) in base 11?
-17
What is 212 (base 6) in base 16?
50
36 (base 7) to base 16
1b
Convert 10101 (base 4) to base 2.
100010001
1001 (base 2) to base 7
12
12 (base 3) to base 9
5
Convert 0 (base 15) to base 2.
0
What is 91 (base 13) in base 6?
314
Convert 14 (base 7) to base 15.
b
What is 93 (base 12) in base 16?
6f
-34 (base 6) to base 5
-42
What is 10011 (base 2) in base 11?
18
Convert 3 (base 4) to base 8.
3
162 (base 8) to base 15
79
What is -1 (base 7) in base 11?
-1
8 (base 12) to base 6
12
20 (base 3) to base 11
6
What is -3 (base 11) in base 9?
-3
Conv